{"id":99820,"date":"2024-05-06T17:46:54","date_gmt":"2024-05-06T17:46:54","guid":{"rendered":"https:\/\/americana.edu.co\/medellin\/?page_id=99820"},"modified":"2024-05-10T16:41:10","modified_gmt":"2024-05-10T16:41:10","slug":"diplomado-en-derecho-administrativo-integral","status":"publish","type":"page","link":"https:\/\/americana.edu.co\/medellin\/diplomado-en-derecho-administrativo-integral\/","title":{"rendered":"Diplomado en Derecho Administrativo Integral"},"content":{"rendered":"<p><!-- Note : - You can modify the font style and form style to suit your website. - Code lines with comments Do not remove this code are required for the form to work properly, make sure that you do not remove these lines of code. - The Mandatory check script can modified as to suit your business needs. - It is important that you test the modified form before going live.--><\/p>\n<div id=\"crmWebToEntityForm\" class=\"zcwf_lblLeft crmWebToEntityForm\" style=\"background-color: #ffffff; color: black; max-width: 610px;\">\n<form accept-charset=\"UTF-8\" action=\"https:\/\/crm.zoho.com\/crm\/WebToLeadForm\" method=\"POST\" name=\"WebToLeads1637886000082187077\"><input style=\"display: none;\" name=\"xnQsjsdp\" type=\"text\" value=\"fbdf3c196f1a48d192d40cf30f4cee1d3328af9ed88794bd6f2ce0e359810586\" \/> <input id=\"zc_gad\" name=\"zc_gad\" type=\"hidden\" value=\"\" \/> <input style=\"display: none;\" name=\"xmIwtLD\" type=\"text\" value=\"b700c749aadda2160aafb629d553c184f9536199d97362ed0dec5fbcf1a7ac7e\" \/> <input style=\"display: none;\" name=\"actionType\" type=\"text\" value=\"TGVhZHM=\" \/> <input style=\"display: none;\" name=\"returnURL\" type=\"text\" value=\"https:\/\/americana.edu.co\/medellin\/wp-content\/uploads\/2021\/09\/gracias-03.jpg\" \/> <!-- Do not remove this code. --><\/p>\n<style>\nhtml,body{<br \/>margin: 0px;<br \/>}<br \/>#crmWebToEntityForm.zcwf_lblLeft {<br \/>width:100%;<br \/>padding: 25px;<br \/>margin: 0 auto;<br \/>box-sizing: border-box;<br \/>}<br \/>#crmWebToEntityForm.zcwf_lblLeft * {<br \/>box-sizing: border-box;<br \/>}<br \/>#crmWebToEntityForm{text-align: left;}<br \/>#crmWebToEntityForm * {<br \/>direction: ltr;<br \/>}<br \/>.zcwf_lblLeft .zcwf_title {<br \/>word-wrap: break-word;<br \/>padding: 0px 6px 10px;<br \/>font-weight: bold;<br \/>}<br \/>.zcwf_lblLeft .zcwf_col_fld input[type=text], .zcwf_lblLeft .zcwf_col_fld textarea {<br \/>width: 60%;<br \/>border: 1px solid #ccc !important;<br \/>resize: vertical;<br \/>border-radius: 2px;<br \/>float: left;<br \/>}<br \/>.zcwf_lblLeft .zcwf_col_lab {<br \/>width: 30%;<br \/>word-break: break-word;<br \/>padding: 0px 6px 0px;<br \/>margin-right: 10px;<br \/>margin-top: 5px;<br \/>float: left;<br \/>min-height: 1px;<br \/>}<br \/>.zcwf_lblLeft .zcwf_col_fld {<br \/>float: left;<br \/>width: 68%;<br \/>padding: 0px 6px 0px;<br \/>position: relative;<br \/>margin-top: 5px;<br \/>}<br \/>.zcwf_lblLeft .zcwf_privacy{padding: 6px;}<br \/>.zcwf_lblLeft .wfrm_fld_dpNn{display: none;}<br \/>.dIB{display: inline-block;}<br \/>.zcwf_lblLeft .zcwf_col_fld_slt {<br \/>width: 60%;<br \/>border: 1px solid #ccc;<br \/>background: #fff;<br \/>border-radius: 4px;<br \/>font-size: 12px;<br \/>float: left;<br \/>resize: vertical;<br \/>}<br \/>.zcwf_lblLeft .zcwf_row:after, .zcwf_lblLeft .zcwf_col_fld:after {<br \/>content: '';<br \/>display: table;<br \/>clear: both;<br \/>}<br \/>.zcwf_lblLeft .zcwf_col_help {<br \/>float: left;<br \/>margin-left: 7px;<br \/>font-size: 12px;<br \/>max-width: 35%;<br \/>word-break: break-word;<br \/>}<br \/>.zcwf_lblLeft .zcwf_help_icon {<br \/>cursor: pointer;<br \/>width: 16px;<br \/>height: 16px;<br \/>display: inline-block;<br \/>background: #fff;<br \/>border: 1px solid #ccc;<br \/>color: #ccc;<br \/>text-align: center;<br \/>font-size: 11px;<br \/>line-height: 16px;<br \/>font-weight: bold;<br \/>border-radius: 50%;<br \/>}<br \/>.zcwf_lblLeft .zcwf_row {margin: 15px 0px;}<br \/>.zcwf_lblLeft .formsubmit {<br \/>margin-right: 5px;<br \/>cursor: pointer;<br \/>color: #333;<br \/>font-size: 12px;<br \/>}<br \/>.zcwf_lblLeft .zcwf_privacy_txt {<br \/>width: 90%;<br \/>color: rgb(0, 0, 0);<br \/>font-size: 12px;<br \/>font-family: Arial;<br \/>display: inline-block;<br \/>vertical-align: top;<br \/>color: #333;<br \/>padding-top: 2px;<br \/>margin-left: 6px;<br \/>}<br \/>.zcwf_lblLeft .zcwf_button {<br \/>font-size: 12px;<br \/>color: #333;<br \/>border: 1px solid #ccc;<br \/>padding: 3px 9px;<br \/>border-radius: 4px;<br \/>cursor: pointer;<br \/>max-width: 120px;<br \/>overflow: hidden;<br \/>text-overflow: ellipsis;<br \/>white-space: nowrap;<br \/>}<br \/>.zcwf_lblLeft .zcwf_tooltip_over{<br \/>position: relative;<br \/>}<br \/>.zcwf_lblLeft .zcwf_tooltip_ctn{<br \/>position: absolute;<br \/>background: #dedede;<br \/>padding: 3px 6px;<br \/>top: 3px;<br \/>border-radius: 4px;word-break: break-all;<br \/>min-width: 50px;<br \/>max-width: 150px;<br \/>color: #333;<br \/>}<br \/>.zcwf_lblLeft .zcwf_ckbox{<br \/>float: left;<br \/>}<br \/>.zcwf_lblLeft .zcwf_file{<br \/>width: 55%;<br \/>box-sizing: border-box;<br \/>float: left;<br \/>}<br \/>.clearB:after{<br \/>content:'';<br \/>display: block;<br \/>clear: both;<br \/>}<br \/>@media all and (max-width: 610px) {<br \/>.zcwf_lblLeft .zcwf_col_lab, .zcwf_lblLeft .zcwf_col_fld {<br \/>width: auto;<br \/>float: none !important;<br \/>}<br \/>.zcwf_lblLeft .zcwf_col_help {width: 40%;}<br \/>}<br \/><\/style>\n<div class=\"zcwf_title\" style=\"max-width: 610px; color: black;\">\u00a1Inscr\u00edbete en la Americana!<\/div>\n<div class=\"zcwf_row\">\n<div class=\"zcwf_col_lab\" style=\"font-size: 12px; font-family: Arial;\"><label for=\"Last_Name\">Nombres y Apellidos<span style=\"color: red;\">*<\/span><\/label><\/div>\n<div class=\"zcwf_col_fld\">\n<p><input id=\"Last_Name\" maxlength=\"80\" name=\"Last Name\" type=\"text\" \/><\/p>\n<div class=\"zcwf_col_help\"><\/div>\n<\/div>\n<\/div>\n<div class=\"zcwf_row\">\n<div class=\"zcwf_col_lab\" style=\"font-size: 12px; font-family: Arial;\"><label for=\"Email\">Correo electr\u00f3nico<span style=\"color: red;\">*<\/span><\/label><\/div>\n<div class=\"zcwf_col_fld\">\n<p><input id=\"Email\" maxlength=\"100\" name=\"Email\" type=\"text\" \/><\/p>\n<div class=\"zcwf_col_help\"><\/div>\n<\/div>\n<\/div>\n<div class=\"zcwf_row\">\n<div class=\"zcwf_col_lab\" style=\"font-size: 12px; font-family: Arial;\"><label for=\"LEADCF37\">Tel\u00e9fono de contacto<span style=\"color: red;\">*<\/span><\/label><\/div>\n<div class=\"zcwf_col_fld\">\n<p><input id=\"LEADCF37\" maxlength=\"10\" name=\"LEADCF37\" type=\"text\" \/><\/p>\n<div class=\"zcwf_col_help\"><\/div>\n<\/div>\n<\/div>\n<div class=\"zcwf_row\">\n<div class=\"zcwf_col_lab\" style=\"font-size: 12px; font-family: Arial;\"><label for=\"LEADCF36\">Programas Acad\u00e9micos<\/label><\/div>\n<div class=\"zcwf_col_fld\">\n<p><select id=\"LEADCF36\" class=\"zcwf_col_fld_slt\" name=\"LEADCF36\"><option value=\"-None-\">-None-<\/option><option value=\"Administraci\u00f3n P\u00fablica a Distancia\">Administraci\u00f3n P\u00fablica a Distancia<\/option><option value=\"Administraci\u00f3n de Empresas\">Administraci\u00f3n de Empresas<\/option><option value=\"Administraci\u00f3n de Empresas Virtual\">Administraci\u00f3n de Empresas Virtual<\/option><option value=\"Administraci\u00f3n Tur\u00edstica y Hotelera\">Administraci\u00f3n Tur\u00edstica y Hotelera<\/option><option value=\"Comunicaci\u00f3n y mercadeo a Distancia\">Comunicaciones y marketing a Distancia<\/option><option value=\"Contadur\u00eda P\u00fablica\">Contadur\u00eda P\u00fablica<\/option><option value=\"Contadur\u00eda P\u00fablica Virtual\">Contadur\u00eda P\u00fablica Virtual<\/option><option value=\"Derecho\">Derecho<\/option><option value=\"Especializaci\u00f3n en Derecho Penal\">Especializaci\u00f3n en Derecho Penal<\/option><option value=\"Especializaci\u00f3n en Gerencia de Proyectos\">Especializaci\u00f3n en Gerencia de Proyectos<\/option><option value=\"Especializaci\u00f3n en Gerencia de Talento Humano\">Especializaci\u00f3n en Gerencia de Talento Humano<\/option><option value=\"Especializaci\u00f3n en Gerencia en Derecho Administrativo\">Especializaci\u00f3n en Gerencia en Derecho Administrativo<\/option><option value=\"Especializaci\u00f3n en Gerencia Tributaria\">Especializaci\u00f3n en Gerencia Tributaria<\/option><option value=\"Ingenier\u00eda en Sistemas\">Ingenier\u00eda en Sistemas<\/option><option value=\"Ingenier\u00eda Industrial Virtual\">Ingenier\u00eda Industrial Virtual<\/option><option value=\"Licenciatura en Pedagog\u00eda en la Primera Infancia\">Licenciatura en Pedagog\u00eda en la Primera Infancia<\/option><option value=\"Negocios Internacionales\">Negocios Internacionales<\/option><option value=\"Negocios Internacionales Virtual\">Negocios Internacionales Virtual<\/option><option value=\"Psicolog\u00eda\">Psicolog\u00eda<\/option><\/select><\/p>\n<div class=\"zcwf_col_help\"><\/div>\n<\/div>\n<\/div>\n<div class=\"zcwf_row\">\n<div class=\"zcwf_col_lab\" style=\"font-size: 12px; font-family: Arial;\"><label for=\"LEADCF41\">\u00bfPor que medio te enteraste?<span style=\"color: red;\">*<\/span><\/label><\/div>\n<div class=\"zcwf_col_fld\">\n<p><select id=\"LEADCF41\" class=\"zcwf_col_fld_slt\" name=\"LEADCF41\"><option value=\"-None-\">-None-<\/option><option value=\"Sitio Web\">Sitio Web<\/option><option value=\"Redes Sociales\">Redes Sociales<\/option><option value=\"Directorio\">Feria educativa<\/option><option value=\"Referido\">Referido<\/option><option value=\"Valla\">Prensa<\/option><option value=\"Radio\">Radio<\/option><option value=\"Televisi\u00f3n\">Televisi\u00f3n<\/option><option value=\"Volante\">Volante<\/option><option value=\"Censa\">Convenios<\/option><\/select><\/p>\n<div class=\"zcwf_col_help\"><\/div>\n<\/div>\n<\/div>\n<div class=\"zcwf_row\">\n<div class=\"zcwf_privacy\">\n<div class=\"dIB vat\" align=\"left\">\n<div class=\"displayPurpose f13\"><label class=\"newCustomchkbox-md dIB w100per\"><input id=\"privacyTool1637886000082187077\" autocomplete=\"off\" name=\"privacyTool\" type=\"checkbox\" \/><\/label><\/div>\n<\/div>\n<div class=\"dIB zcwf_privacy_txt\" style=\"font-size: 12px; font-family: Arial; color: black;\">Con los datos suministrados, autorizo brindar y recibir informaci\u00f3n de la Corporaci\u00f3n Universitaria Americana, quien se encuentra legitimada para administrar y tratar la informaci\u00f3n correspondiente a mis datos; seg\u00fan la Pol\u00edtica de tratamiento de informaci\u00f3n y Protecci\u00f3n de datos personales (Ley 1581 de 20012 y el Decreto 1377 de 2013)<\/div>\n<div id=\"privacyErr1637886000082187077\" style=\"font-size: 12px; color: red; padding-left: 5px; visibility: hidden;\">Acepte por favor<\/div>\n<\/div>\n<\/div>\n<div class=\"zcwf_row\">\n<div class=\"zcwf_col_lab\"><\/div>\n<div class=\"zcwf_col_fld\"><input id=\"formsubmit\" class=\"formsubmit zcwf_button\" title=\"Enviar\" type=\"submit\" value=\"Enviar\" \/><input class=\"zcwf_button\" title=\"Restablecer\" name=\"reset\" type=\"reset\" value=\"Restablecer\" \/><\/div>\n<\/div>\n<p><script>\nfunction privacyAlert1637886000082187077()\n{\nvar privacyTool = document.getElementById('privacyTool1637886000082187077');\nvar privacyErr = document.getElementById('privacyErr1637886000082187077');\nif(privacyTool !=undefined && !privacyTool.checked )\n{\nprivacyErr.style.visibility='visible';\nprivacyTool.focus();\nreturn false;\n}\nreturn true;\n}\nfunction disableErr1637886000082187077()\n{\nvar privacyTool = document.getElementById('privacyTool1637886000082187077');\nvar privacyErr = document.getElementById('privacyErr1637886000082187077');\nif(privacyTool !=undefined && privacyTool.checked && privacyErr !=undefined )\n{\nprivacyErr.style.visibility='hidden';\n}\n}\nfunction validateEmail1637886000082187077()\n{\nvar form = document.forms['WebToLeads1637886000082187077'];\nvar emailFld = form.querySelectorAll('[ftype=email]');\nvar i;\nfor (i = 0; i < emailFld.length; i++)\n{\nvar emailVal = emailFld[i].value;\nif((emailVal.replace(\/^\\s+|\\s+$\/g, '')).length!=0 )\n{\nvar atpos=emailVal.indexOf('@');\nvar dotpos=emailVal.lastIndexOf('.');\nif (atpos<1 || dotpos<atpos+2 || dotpos+2>=emailVal.length)\n{\nalert('Introduzca una direcci\u00f3n de correo electr\u00f3nico v\u00e1lida. ');\nemailFld[i].focus();\nreturn false;\n}\n}\n}\nreturn true;\n}<\/p>\n<p>   function checkMandatory1637886000082187077() {\nvar mndFileds = new Array('Last Name','Email','LEADCF37','LEADCF41');\nvar fldLangVal = new Array('Nombres\\x20y\\x20Apellidos','Correo\\x20electr\\xF3nico','Tel\\xE9fono\\x20de\\x20contacto','\\xBFPor\\x20que\\x20medio\\x20te\\x20enteraste\\x3F');\nfor(i=0;i<mndFileds.length;i++) {\n var fieldObj=document.forms['WebToLeads1637886000082187077'][mndFileds[i]];\n if(fieldObj) {\nif (((fieldObj.value).replace(\/^\\s+|\\s+$\/g, '')).length==0) {\nif(fieldObj.type =='file')\n{\nalert('Seleccione un archivo para cargar.');\nfieldObj.focus();\nreturn false;\n}\nalert(fldLangVal[i] +' no puede estar vac\u00edo.');\n         fieldObj.focus();\n         return false;\n}  else if(fieldObj.nodeName=='SELECT') {\n      if(fieldObj.options[fieldObj.selectedIndex].value=='-None-') {\nalert(fldLangVal[i] +' no puede ser nulo.');\nfieldObj.focus();\nreturn false;\n  }\n} else if(fieldObj.type =='checkbox'){\n  if(fieldObj.checked == false){\nalert('Please accept  '+fldLangVal[i]);\nfieldObj.focus();\nreturn false;\n  }\n}\ntry {\n    if(fieldObj.name == 'Last Name') {\nname = fieldObj.value;\n     }\n} catch (e) {}\n   }\n}\nif(!validateEmail1637886000082187077()){return false;}\n\nif(!privacyAlert1637886000082187077()){return false;}\ndocument.querySelector('.crmWebToEntityForm .formsubmit').setAttribute('disabled', true);\n}\n\nfunction tooltipShow1637886000082187077(el){\nvar tooltip = el.nextElementSibling;\nvar tooltipDisplay = tooltip.style.display;\nif(tooltipDisplay == 'none'){\nvar allTooltip = document.getElementsByClassName('zcwf_tooltip_over');\nfor(i=0; i<allTooltip.length; i++){\nallTooltip[i].style.display='none';\n}\ntooltip.style.display = 'block';\n}else{\ntooltip.style.display='none';\n}\n}\n<\/script> <!-- Do not remove this --- Analytics Tracking code starts --><script id='wf_anal' src='https:\/\/crm.zohopublic.com\/crm\/WebFormAnalyticsServeServlet?rid=b700c749aadda2160aafb629d553c184f9536199d97362ed0dec5fbcf1a7ac7egidfbdf3c196f1a48d192d40cf30f4cee1d3328af9ed88794bd6f2ce0e359810586gid885e3c1045bd9bdcc91bdf30f82b5696gid14f4ec16431e0686150daa43f3210513&#038;tw=61690b96c1d0471b638f31426f38e68aa67fb7ed6da86f32dc10ad817fe55a0a'><\/script><!-- Do not remove this --- Analytics Tracking code ends. --><\/p>\n<\/form>\n<\/div>\n","protected":false},"excerpt":{"rendered":"<p>\u00a1Inscr\u00edbete en la Americana! Nombres y Apellidos* Correo electr\u00f3nico* Tel\u00e9fono de contacto* Programas Acad\u00e9micos -None-Administraci\u00f3n P\u00fablica a DistanciaAdministraci\u00f3n de EmpresasAdministraci\u00f3n de Empresas VirtualAdministraci\u00f3n Tur\u00edstica y HoteleraComunicaciones y marketing a DistanciaContadur\u00eda P\u00fablicaContadur\u00eda P\u00fablica VirtualDerechoEspecializaci\u00f3n en Derecho PenalEspecializaci\u00f3n en Gerencia de ProyectosEspecializaci\u00f3n en Gerencia de Talento HumanoEspecializaci\u00f3n en Gerencia en Derecho AdministrativoEspecializaci\u00f3n en Gerencia TributariaIngenier\u00eda en SistemasIngenier\u00eda [&hellip;]<\/p>\n","protected":false},"author":5,"featured_media":0,"parent":0,"menu_order":0,"comment_status":"closed","ping_status":"closed","template":"","meta":{"om_disable_all_campaigns":false,"footnotes":""},"yoast_head":"<!-- This site is optimized with the Yoast SEO plugin v22.9 - https:\/\/yoast.com\/wordpress\/plugins\/seo\/ -->\n<title>\u25b7 Diplomado en Derecho Administrativo Integral &#187; La Americana Medell\u00edn<\/title>\n<meta name=\"description\" content=\"Ven a estudiar Diplomado en Derecho Administrativo Integral, Duraci\u00f3n: 90 Horas, Metodolog\u00eda: Virtual -Autogesti\u00f3n, Ciudad: Medell\u00edn.\" \/>\n<meta name=\"robots\" content=\"index, follow, max-snippet:-1, max-image-preview:large, max-video-preview:-1\" \/>\n<link rel=\"canonical\" href=\"https:\/\/americana.edu.co\/medellin\/diplomado-en-derecho-administrativo-integral\/\" \/>\n<meta property=\"og:locale\" content=\"es_ES\" \/>\n<meta property=\"og:type\" content=\"article\" \/>\n<meta property=\"og:title\" content=\"\u25b7 Diplomado en Derecho Administrativo Integral &#187; La Americana Medell\u00edn\" \/>\n<meta property=\"og:description\" content=\"Ven a estudiar Diplomado en Derecho Administrativo Integral, Duraci\u00f3n: 90 Horas, Metodolog\u00eda: Virtual -Autogesti\u00f3n, Ciudad: Medell\u00edn.\" \/>\n<meta property=\"og:url\" content=\"https:\/\/americana.edu.co\/medellin\/diplomado-en-derecho-administrativo-integral\/\" \/>\n<meta property=\"og:site_name\" content=\"Corporaci\u00f3n Universitaria Americana - Medell\u00edn\" \/>\n<meta property=\"article:modified_time\" content=\"2024-05-10T16:41:10+00:00\" \/>\n<meta name=\"twitter:card\" content=\"summary_large_image\" \/>\n<meta name=\"twitter:label1\" content=\"Tiempo de lectura\" \/>\n\t<meta name=\"twitter:data1\" content=\"1 minuto\" \/>\n<script type=\"application\/ld+json\" class=\"yoast-schema-graph\">{\"@context\":\"https:\/\/schema.org\",\"@graph\":[{\"@type\":\"WebPage\",\"@id\":\"https:\/\/americana.edu.co\/medellin\/diplomado-en-derecho-administrativo-integral\/\",\"url\":\"https:\/\/americana.edu.co\/medellin\/diplomado-en-derecho-administrativo-integral\/\",\"name\":\"\u25b7 Diplomado en Derecho Administrativo Integral &#187; La Americana Medell\u00edn\",\"isPartOf\":{\"@id\":\"https:\/\/americana.edu.co\/medellin\/#website\"},\"datePublished\":\"2024-05-06T17:46:54+00:00\",\"dateModified\":\"2024-05-10T16:41:10+00:00\",\"description\":\"Ven a estudiar Diplomado en Derecho Administrativo Integral, Duraci\u00f3n: 90 Horas, Metodolog\u00eda: Virtual -Autogesti\u00f3n, Ciudad: Medell\u00edn.\",\"breadcrumb\":{\"@id\":\"https:\/\/americana.edu.co\/medellin\/diplomado-en-derecho-administrativo-integral\/#breadcrumb\"},\"inLanguage\":\"es\",\"potentialAction\":[{\"@type\":\"ReadAction\",\"target\":[\"https:\/\/americana.edu.co\/medellin\/diplomado-en-derecho-administrativo-integral\/\"]}]},{\"@type\":\"BreadcrumbList\",\"@id\":\"https:\/\/americana.edu.co\/medellin\/diplomado-en-derecho-administrativo-integral\/#breadcrumb\",\"itemListElement\":[{\"@type\":\"ListItem\",\"position\":1,\"name\":\"Portada\",\"item\":\"https:\/\/americana.edu.co\/medellin\/\"},{\"@type\":\"ListItem\",\"position\":2,\"name\":\"Diplomado en Derecho Administrativo Integral\"}]},{\"@type\":\"WebSite\",\"@id\":\"https:\/\/americana.edu.co\/medellin\/#website\",\"url\":\"https:\/\/americana.edu.co\/medellin\/\",\"name\":\"Corporaci\u00f3n Universitaria Americana - Medell\u00edn\",\"description\":\"\",\"publisher\":{\"@id\":\"https:\/\/americana.edu.co\/medellin\/#organization\"},\"potentialAction\":[{\"@type\":\"SearchAction\",\"target\":{\"@type\":\"EntryPoint\",\"urlTemplate\":\"https:\/\/americana.edu.co\/medellin\/?s={search_term_string}\"},\"query-input\":\"required name=search_term_string\"}],\"inLanguage\":\"es\"},{\"@type\":\"Organization\",\"@id\":\"https:\/\/americana.edu.co\/medellin\/#organization\",\"name\":\"Corporaci\u00f3n Universitaria Americana Barranquilla\",\"url\":\"https:\/\/americana.edu.co\/medellin\/\",\"logo\":{\"@type\":\"ImageObject\",\"inLanguage\":\"es\",\"@id\":\"https:\/\/americana.edu.co\/medellin\/#\/schema\/logo\/image\/\",\"url\":\"https:\/\/americana.edu.co\/medellin\/wp-content\/uploads\/2022\/11\/logo-americana.png\",\"contentUrl\":\"https:\/\/americana.edu.co\/medellin\/wp-content\/uploads\/2022\/11\/logo-americana.png\",\"width\":161,\"height\":195,\"caption\":\"Corporaci\u00f3n Universitaria Americana Barranquilla\"},\"image\":{\"@id\":\"https:\/\/americana.edu.co\/medellin\/#\/schema\/logo\/image\/\"}}]}<\/script>\n<!-- \/ Yoast SEO plugin. -->","yoast_head_json":{"title":"\u25b7 Diplomado en Derecho Administrativo Integral &#187; La Americana Medell\u00edn","description":"Ven a estudiar Diplomado en Derecho Administrativo Integral, Duraci\u00f3n: 90 Horas, Metodolog\u00eda: Virtual -Autogesti\u00f3n, Ciudad: Medell\u00edn.","robots":{"index":"index","follow":"follow","max-snippet":"max-snippet:-1","max-image-preview":"max-image-preview:large","max-video-preview":"max-video-preview:-1"},"canonical":"https:\/\/americana.edu.co\/medellin\/diplomado-en-derecho-administrativo-integral\/","og_locale":"es_ES","og_type":"article","og_title":"\u25b7 Diplomado en Derecho Administrativo Integral &#187; La Americana Medell\u00edn","og_description":"Ven a estudiar Diplomado en Derecho Administrativo Integral, Duraci\u00f3n: 90 Horas, Metodolog\u00eda: Virtual -Autogesti\u00f3n, Ciudad: Medell\u00edn.","og_url":"https:\/\/americana.edu.co\/medellin\/diplomado-en-derecho-administrativo-integral\/","og_site_name":"Corporaci\u00f3n Universitaria Americana - Medell\u00edn","article_modified_time":"2024-05-10T16:41:10+00:00","twitter_card":"summary_large_image","twitter_misc":{"Tiempo de lectura":"1 minuto"},"schema":{"@context":"https:\/\/schema.org","@graph":[{"@type":"WebPage","@id":"https:\/\/americana.edu.co\/medellin\/diplomado-en-derecho-administrativo-integral\/","url":"https:\/\/americana.edu.co\/medellin\/diplomado-en-derecho-administrativo-integral\/","name":"\u25b7 Diplomado en Derecho Administrativo Integral &#187; La Americana Medell\u00edn","isPartOf":{"@id":"https:\/\/americana.edu.co\/medellin\/#website"},"datePublished":"2024-05-06T17:46:54+00:00","dateModified":"2024-05-10T16:41:10+00:00","description":"Ven a estudiar Diplomado en Derecho Administrativo Integral, Duraci\u00f3n: 90 Horas, Metodolog\u00eda: Virtual -Autogesti\u00f3n, Ciudad: Medell\u00edn.","breadcrumb":{"@id":"https:\/\/americana.edu.co\/medellin\/diplomado-en-derecho-administrativo-integral\/#breadcrumb"},"inLanguage":"es","potentialAction":[{"@type":"ReadAction","target":["https:\/\/americana.edu.co\/medellin\/diplomado-en-derecho-administrativo-integral\/"]}]},{"@type":"BreadcrumbList","@id":"https:\/\/americana.edu.co\/medellin\/diplomado-en-derecho-administrativo-integral\/#breadcrumb","itemListElement":[{"@type":"ListItem","position":1,"name":"Portada","item":"https:\/\/americana.edu.co\/medellin\/"},{"@type":"ListItem","position":2,"name":"Diplomado en Derecho Administrativo Integral"}]},{"@type":"WebSite","@id":"https:\/\/americana.edu.co\/medellin\/#website","url":"https:\/\/americana.edu.co\/medellin\/","name":"Corporaci\u00f3n Universitaria Americana - Medell\u00edn","description":"","publisher":{"@id":"https:\/\/americana.edu.co\/medellin\/#organization"},"potentialAction":[{"@type":"SearchAction","target":{"@type":"EntryPoint","urlTemplate":"https:\/\/americana.edu.co\/medellin\/?s={search_term_string}"},"query-input":"required name=search_term_string"}],"inLanguage":"es"},{"@type":"Organization","@id":"https:\/\/americana.edu.co\/medellin\/#organization","name":"Corporaci\u00f3n Universitaria Americana Barranquilla","url":"https:\/\/americana.edu.co\/medellin\/","logo":{"@type":"ImageObject","inLanguage":"es","@id":"https:\/\/americana.edu.co\/medellin\/#\/schema\/logo\/image\/","url":"https:\/\/americana.edu.co\/medellin\/wp-content\/uploads\/2022\/11\/logo-americana.png","contentUrl":"https:\/\/americana.edu.co\/medellin\/wp-content\/uploads\/2022\/11\/logo-americana.png","width":161,"height":195,"caption":"Corporaci\u00f3n Universitaria Americana Barranquilla"},"image":{"@id":"https:\/\/americana.edu.co\/medellin\/#\/schema\/logo\/image\/"}}]}},"_links":{"self":[{"href":"https:\/\/americana.edu.co\/medellin\/wp-json\/wp\/v2\/pages\/99820"}],"collection":[{"href":"https:\/\/americana.edu.co\/medellin\/wp-json\/wp\/v2\/pages"}],"about":[{"href":"https:\/\/americana.edu.co\/medellin\/wp-json\/wp\/v2\/types\/page"}],"author":[{"embeddable":true,"href":"https:\/\/americana.edu.co\/medellin\/wp-json\/wp\/v2\/users\/5"}],"replies":[{"embeddable":true,"href":"https:\/\/americana.edu.co\/medellin\/wp-json\/wp\/v2\/comments?post=99820"}],"version-history":[{"count":5,"href":"https:\/\/americana.edu.co\/medellin\/wp-json\/wp\/v2\/pages\/99820\/revisions"}],"predecessor-version":[{"id":99892,"href":"https:\/\/americana.edu.co\/medellin\/wp-json\/wp\/v2\/pages\/99820\/revisions\/99892"}],"wp:attachment":[{"href":"https:\/\/americana.edu.co\/medellin\/wp-json\/wp\/v2\/media?parent=99820"}],"curies":[{"name":"wp","href":"https:\/\/api.w.org\/{rel}","templated":true}]}}